{"id":3789,"date":"2024-03-18T19:33:38","date_gmt":"2024-03-18T19:33:38","guid":{"rendered":"https:\/\/www.youthculturalheritage.al\/?page_id=3789"},"modified":"2024-04-05T19:00:41","modified_gmt":"2024-04-05T19:00:41","slug":"auto-draft-16","status":"publish","type":"page","link":"https:\/\/www.youthculturalheritage.al\/?page_id=3789","title":{"rendered":"Kisha e Sh\u00ebn Antonit ( Sh\u00ebn Ndout)"},"content":{"rendered":"<div class=\"vce-row-container\" data-vce-boxed-width=\"true\"><div class=\"vce-row vce-row--col-gap-30 vce-row-equal-height vce-row-content--top\" id=\"el-db1083ae\" data-vce-do-apply=\"all el-db1083ae\"><div class=\"vce-row-content\" data-vce-element-content=\"true\"><div class=\"vce-col vce-col--md-auto vce-col--xs-1 vce-col--xs-last vce-col--xs-first vce-col--sm-last vce-col--sm-first vce-col--md-last vce-col--lg-last vce-col--xl-last vce-col--md-first vce-col--lg-first vce-col--xl-first\" id=\"el-b7b33e54\"><div class=\"vce-col-inner\" data-vce-do-apply=\"border margin background  el-b7b33e54\"><div class=\"vce-col-content\" data-vce-element-content=\"true\" data-vce-do-apply=\"padding el-b7b33e54\"><div class=\"vce-text-block\"><div class=\"vce-text-block-wrapper vce\" id=\"el-54a860ad\" data-vce-do-apply=\"all el-54a860ad\"><p>Kisha e Sh\u00ebn Ndout \u00ebsht\u00eb nj\u00eb kish\u00eb katolike romane, monument i trash\u00ebgimis\u00eb kulturore n\u00eb Rodon, n\u00eb qarkun e Durr\u00ebsit. Kisha e Sh\u00ebn Ndout ndodhet midis gjirit t\u00eb Rodonit n\u00eb veri dhe atij t\u00eb Lalzit n\u00eb qarkun e Durr\u00ebsit, n\u00eb bregun e Adriatikut. Kisha e Sh\u00ebn Ndout, \u00ebsht\u00eb monument i trash\u00ebgimis\u00eb kulturore me nj\u00eb arkitektur\u00eb romaniko-gotike e shek. XIII.<br>Ajo \u00ebsht\u00eb nj\u00eb nd\u00ebr kishat m\u00eb t\u00eb d\u00ebgjuara n\u00eb periudh\u00ebn e Mesjet\u00ebs, edhe p\u00ebr shkak t\u00eb nd\u00ebrtimeve q\u00eb b\u00ebri Sk\u00ebnderbeu n\u00eb zon\u00ebn e Kepit n\u00eb shekullin XV. P\u00ebr nd\u00ebrtimin e saj \u00ebsht\u00eb p\u00ebrdorur teknika bizantine e klausonazhit si dhe mjaft analogji me kishat bizantine, gj\u00eb q\u00eb d\u00ebshmon p\u00ebr vijim\u00ebsin\u00eb e tradit\u00ebs bizantine. Po ashtu, n\u00eb planin nd\u00ebrtimor dallohen edhe element\u00eb t\u00eb arkitektur\u00ebs romanike dhe gotike, si harqet e mreht\u00eb. N\u00eb interierin e kish\u00ebs dallohen gjurm\u00eb t\u00eb piktur\u00ebs murale bizantine nga tre faza pikturimi. Nd\u00ebr fragmentet e ruajtura nga piktura murale, n\u00eb pjes\u00ebn e poshtme qendrore t\u00eb absid\u00ebs lindore paraqitet nj\u00eb shqiponj\u00eb dykrenore, e realizuar n\u00eb monokromi si dhe, m\u00eb djathtas, nj\u00eb kalor\u00ebs i ri pa mjek\u00ebr dhe dy shpend\u00eb. Paraqitja e shqiponj\u00ebs dykrenore ka karakter simbolik. Prania e shqiponj\u00ebs dykrenore n\u00eb absid\u00ebn e kish\u00ebs s\u00eb Shna Ndout me shum\u00eb gjasa e lidh monumentin me familjen e Gjergj Kastriotit Sk\u00ebnderbeut. Edhe kalaja e nd\u00ebrtuar nga Sk\u00ebnderbeu, n\u00eb mes t\u00eb shek. XV n\u00eb kep, ndodhet fare pran\u00eb monumentit. Ky monument \u00ebsht\u00eb d\u00ebshmi e ndikimeve kulturore t\u00eb arb\u00ebrve n\u00eb Mesjet\u00ebn e Von\u00eb, n\u00eb nj\u00eb koh\u00eb dhe hap\u00ebsir\u00eb ku, pavar\u00ebsisht se ishte pjes\u00eb e \u201cAdriatikut venedikas\u201d, tradita bizantine nuk rreshti s\u00eb ekzistuari.<\/p><\/div><\/div><\/div><\/div><\/div><\/div><\/div><\/div><div class=\"vce-row-container\" data-vce-boxed-width=\"true\"><div class=\"vce-row vce-row--col-gap-30 vce-row-equal-height vce-row-content--top\" id=\"el-1ae5c63a\" data-vce-do-apply=\"all el-1ae5c63a\"><div class=\"vce-row-content\" data-vce-element-content=\"true\"><div class=\"vce-col vce-col--md-auto vce-col--xs-1 vce-col--xs-last vce-col--xs-first vce-col--sm-last vce-col--sm-first vce-col--md-first vce-col--lg-first vce-col--xl-first\" id=\"el-8e83e63c\"><div class=\"vce-col-inner\" data-vce-do-apply=\"border margin background  el-8e83e63c\"><div class=\"vce-col-content\" data-vce-element-content=\"true\" data-vce-do-apply=\"padding el-8e83e63c\"><div class=\"vce-single-image-container vce-single-image--align-left\"><div class=\"vce vce-single-image-wrapper\" id=\"el-1cf82bf1\" data-vce-do-apply=\"all el-1cf82bf1\"><figure><div class=\"vce-single-image-figure-inner\" style=\"width: 258px;\"><div class=\"vce-single-image-inner vce-single-image--absolute\" style=\"width: 100%; padding-bottom: 75.5814%;\"><img loading=\"lazy\" decoding=\"async\" class=\"vce-single-image\"  width=\"258\" height=\"195\" srcset=\"https:\/\/www.youthculturalheritage.al\/wp-content\/uploads\/2024\/04\/Kishasan1-258x195.png 258w\" src=\"https:\/\/www.youthculturalheritage.al\/wp-content\/uploads\/2024\/04\/Kishasan1-258x195.png\" data-img-src=\"https:\/\/www.youthculturalheritage.al\/wp-content\/uploads\/2024\/03\/Kishasan1.png\" data-attachment-id=\"3774\"  alt=\"\" title=\"Kishasan1\" \/><\/div><\/div><figcaption hidden=\"\"><\/figcaption><\/figure><\/div><\/div><\/div><\/div><\/div><div class=\"vce-col vce-col--md-auto vce-col--xs-1 vce-col--xs-last vce-col--xs-first vce-col--sm-last vce-col--sm-first vce-col--md-last vce-col--lg-last vce-col--xl-last\" id=\"el-14fa4b6f\"><div class=\"vce-col-inner\" data-vce-do-apply=\"border margin background  el-14fa4b6f\"><div class=\"vce-col-content\" data-vce-element-content=\"true\" data-vce-do-apply=\"padding el-14fa4b6f\"><div class=\"vce-single-image-container vce-single-image--align-left\"><div class=\"vce vce-single-image-wrapper\" id=\"el-a6ce1b0c\" data-vce-do-apply=\"all el-a6ce1b0c\"><figure><div class=\"vce-single-image-figure-inner\" style=\"width: 1024px;\"><div class=\"vce-single-image-inner vce-single-image--absolute\" style=\"width: 100%; padding-bottom: 75%;\"><img loading=\"lazy\" decoding=\"async\" class=\"vce-single-image\"  width=\"1024\" height=\"768\" srcset=\"https:\/\/www.youthculturalheritage.al\/wp-content\/uploads\/2024\/03\/kishasan2-320x240.jpg 320w, https:\/\/www.youthculturalheritage.al\/wp-content\/uploads\/2024\/03\/kishasan2-480x360.jpg 480w, https:\/\/www.youthculturalheritage.al\/wp-content\/uploads\/2024\/03\/kishasan2-800x600.jpg 800w, https:\/\/www.youthculturalheritage.al\/wp-content\/uploads\/2024\/04\/kishasan2-1024x768.jpg 1024w\" src=\"https:\/\/www.youthculturalheritage.al\/wp-content\/uploads\/2024\/04\/kishasan2-1024x768.jpg\" data-img-src=\"https:\/\/www.youthculturalheritage.al\/wp-content\/uploads\/2024\/03\/kishasan2.jpg\" data-attachment-id=\"3775\"  alt=\"\" title=\"kishasan2\" \/><\/div><\/div><figcaption hidden=\"\"><\/figcaption><\/figure><\/div><\/div><\/div><\/div><\/div><\/div><\/div><\/div>\n","protected":false},"excerpt":{"rendered":"<p>Kisha e Sh\u00ebn Ndout \u00ebsht\u00eb nj\u00eb kish\u00eb katolike romane, monument i trash\u00ebgimis\u00eb kulturore n\u00eb Rodon, n\u00eb qarkun e Durr\u00ebsit. Kisha e Sh\u00ebn Ndout ndodhet midis gjirit t\u00eb Rodonit n\u00eb veri dhe atij t\u00eb Lalzit n\u00eb qarkun e Durr\u00ebsit, n\u00eb bregun e Adriatikut. Kisha e Sh\u00ebn&#8230;<\/p>\n","protected":false},"author":1,"featured_media":0,"parent":0,"menu_order":0,"comment_status":"closed","ping_status":"closed","template":"","meta":{"footnotes":""},"class_list":["post-3789","page","type-page","status-publish","hentry"],"_links":{"self":[{"href":"https:\/\/www.youthculturalheritage.al\/index.php?rest_route=\/wp\/v2\/pages\/3789","targetHints":{"allow":["GET"]}}],"collection":[{"href":"https:\/\/www.youthculturalheritage.al\/index.php?rest_route=\/wp\/v2\/pages"}],"about":[{"href":"https:\/\/www.youthculturalheritage.al\/index.php?rest_route=\/wp\/v2\/types\/page"}],"author":[{"embeddable":true,"href":"https:\/\/www.youthculturalheritage.al\/index.php?rest_route=\/wp\/v2\/users\/1"}],"replies":[{"embeddable":true,"href":"https:\/\/www.youthculturalheritage.al\/index.php?rest_route=%2Fwp%2Fv2%2Fcomments&post=3789"}],"version-history":[{"count":4,"href":"https:\/\/www.youthculturalheritage.al\/index.php?rest_route=\/wp\/v2\/pages\/3789\/revisions"}],"predecessor-version":[{"id":3854,"href":"https:\/\/www.youthculturalheritage.al\/index.php?rest_route=\/wp\/v2\/pages\/3789\/revisions\/3854"}],"wp:attachment":[{"href":"https:\/\/www.youthculturalheritage.al\/index.php?rest_route=%2Fwp%2Fv2%2Fmedia&parent=3789"}],"curies":[{"name":"wp","href":"https:\/\/api.w.org\/{rel}","templated":true}]}}