{"id":3593,"date":"2023-11-29T17:59:43","date_gmt":"2023-11-29T17:59:43","guid":{"rendered":"https:\/\/www.youthculturalheritage.al\/?page_id=3593"},"modified":"2024-04-05T05:27:46","modified_gmt":"2024-04-05T05:27:46","slug":"auto-draft-7","status":"publish","type":"page","link":"https:\/\/www.youthculturalheritage.al\/?page_id=3593","title":{"rendered":"Amfiteatri i Durr\u00ebsit"},"content":{"rendered":"<div class=\"vce-row-container\" data-vce-boxed-width=\"true\"><div class=\"vce-row vce-row--col-gap-30 vce-row-equal-height vce-row-content--top\" id=\"el-5781dd5c\" data-vce-do-apply=\"all el-5781dd5c\"><div class=\"vce-row-content\" data-vce-element-content=\"true\"><div class=\"vce-col vce-col--md-auto vce-col--xs-1 vce-col--xs-last vce-col--xs-first vce-col--sm-last vce-col--sm-first vce-col--md-last vce-col--lg-last vce-col--xl-last vce-col--md-first vce-col--lg-first vce-col--xl-first\" id=\"el-9ed7a766\"><div class=\"vce-col-inner\" data-vce-do-apply=\"border margin background  el-9ed7a766\"><div class=\"vce-col-content\" data-vce-element-content=\"true\" data-vce-do-apply=\"padding el-9ed7a766\"><div class=\"vce-text-block\"><div class=\"vce-text-block-wrapper vce\" id=\"el-3c01378f\" data-vce-do-apply=\"all el-3c01378f\"><p>I nd\u00ebrtuar gjat\u00eb shekullit t\u00eb dyt\u00eb t\u00eb er\u00ebs son\u00eb, Amfiteatri mbetet nj\u00eb prej nd\u00ebrtesave m\u00eb t\u00eb m\u00ebdha Romake n\u00eb rajon si edhe nj\u00eb prej mrekullive t\u00eb koh\u00ebs s\u00eb perandorit Trajan. Ky amfiteat\u00ebr ka vlera t\u00eb ve\u00e7anta arkitekturore dhe artistike dhe \u00ebsht\u00eb i vetmi i gjetur n\u00eb Shqip\u00ebri. Arena, aty ku nj\u00eb her\u00eb e nj\u00eb koh\u00eb zhvilloheshin ndeshjet e gladiator\u00ebve si edhe aktivitetet e tjera t\u00eb shfaqura p\u00ebr k\u00ebnaq\u00ebsin\u00eb e perandorit romak Trajan, rrethohet nga shkallaret ku mendohet se e shijonin spektaklin rreth 15 000 deri 20 000 spektator\u00eb. \u00cbsht\u00eb i p\u00ebrb\u00ebr\u00eb prej gur\u00ebsh dhe tullash, amfiteatri vishet nga nj\u00eb fasad\u00eb dy kat\u00ebshe, me harqe e kolona t\u00eb dekoruara me dritare t\u00eb cilat shohin drejt qendr\u00ebs s\u00eb qytetit. N\u00ebse e gjen veten n\u00eb per\u00ebndim t\u00eb amfiteatrit, do t\u00eb gjendesh pak hapa larg bregut t\u00eb Adriatikut, ku mund t\u00eb shoh\u00ebsh edhe Barin, qytetin e lasht\u00eb italian. Si n\u00eb rastin e Koloseut, loj\u00ebrat po aq arg\u00ebtuese sa edhe vdekjeprur\u00ebse, sh\u00ebnuan pik\u00ebn m\u00eb kulminante t\u00eb Amfiteatrit. Pasi ato u ndaluan prej perandor Honorit (393-423 p.e.s), rreth shekullit IV, perandoria e s\u00eb cilit p\u00ebrkoi me fillimet e r\u00ebnies s\u00eb Perandoris\u00eb Romake, arena e hershme e gladiator\u00ebve n\u00eb Amfiteat\u00ebr u shnd\u00ebrrua n\u00eb varrez\u00eb. Gjat\u00eb k\u00ebsaj kohe, n\u00eb Amfiteat\u00ebr u nd\u00ebrtua edhe nj\u00eb kish\u00eb ku realizoheshin ceremonit\u00eb fetare dhe funerale t\u00eb t\u00eb krishter\u00ebve t\u00eb Durr\u00ebsit. Fillmisht, muret e saj ishin t\u00eb zbukuruar me afreske t\u00eb cilat m\u00eb pas u kthyen n\u00eb panele mozaik\u00ebsh t\u00eb martirit t\u00eb qytetit t\u00eb Durr\u00ebsit, Sh\u00ebn Stefanit, si edhe t\u00eb plot shenjt\u00ebve t\u00eb tjer\u00eb: Sh\u00ebn Stefani, Sh\u00ebn Marina, Sh\u00ebn Irena, Sh\u00ebn Sofia, dhe Sh\u00ebn Gabrieli. Amfiteatri i Durr\u00ebsit mbetet nj\u00eb prej m\u00eb t\u00eb m\u00ebdhenjve t\u00eb bot\u00ebs s\u00eb lasht\u00eb dhe nj\u00eb nd\u00ebr dhjet\u00eb amfiteatret m\u00eb t\u00eb bukur romak\u00eb.<\/p><\/div><\/div><\/div><\/div><\/div><\/div><\/div><\/div><div class=\"vce-row-container\" data-vce-boxed-width=\"true\"><div class=\"vce-row vce-row--col-gap-30 vce-row-equal-height vce-row-content--top\" id=\"el-ebe4fcea\" data-vce-do-apply=\"all el-ebe4fcea\"><div class=\"vce-row-content\" data-vce-element-content=\"true\"><div class=\"vce-col vce-col--md-auto vce-col--xs-1 vce-col--xs-last vce-col--xs-first vce-col--sm-last vce-col--sm-first vce-col--md-first vce-col--lg-first vce-col--xl-first\" id=\"el-485bbd06\"><div class=\"vce-col-inner\" data-vce-do-apply=\"border margin background  el-485bbd06\"><div class=\"vce-col-content\" data-vce-element-content=\"true\" data-vce-do-apply=\"padding el-485bbd06\"><div class=\"vce-single-image-container vce-single-image--align-left\"><div class=\"vce vce-single-image-wrapper\" id=\"el-39f67d35\" data-vce-do-apply=\"all el-39f67d35\" data-vce-animate=\"vce-o-animate--swing\"><figure><div class=\"vce-single-image-figure-inner\" style=\"width: 806px;\"><div class=\"vce-single-image-inner vce-single-image--absolute\" style=\"width: 100%; padding-bottom: 60.9181%;\"><img loading=\"lazy\" decoding=\"async\" class=\"vce-single-image\"  width=\"806\" height=\"491\" srcset=\"https:\/\/www.youthculturalheritage.al\/wp-content\/uploads\/2023\/11\/amfiteatri1-320x195.jpg 320w, https:\/\/www.youthculturalheritage.al\/wp-content\/uploads\/2023\/11\/amfiteatri1-480x292.jpg 480w, https:\/\/www.youthculturalheritage.al\/wp-content\/uploads\/2023\/11\/amfiteatri1-800x487.jpg 800w, https:\/\/www.youthculturalheritage.al\/wp-content\/uploads\/2024\/04\/amfiteatri1-806x491.jpg 806w\" src=\"https:\/\/www.youthculturalheritage.al\/wp-content\/uploads\/2024\/04\/amfiteatri1-806x491.jpg\" data-img-src=\"https:\/\/www.youthculturalheritage.al\/wp-content\/uploads\/2023\/11\/amfiteatri1.jpg\" data-attachment-id=\"3603\"  alt=\"\" title=\"amfiteatri1\" \/><\/div><\/div><figcaption hidden=\"\"><\/figcaption><\/figure><\/div><\/div><\/div><\/div><\/div><div class=\"vce-col vce-col--md-auto vce-col--xs-1 vce-col--xs-last vce-col--xs-first vce-col--sm-last vce-col--sm-first vce-col--md-last vce-col--lg-last vce-col--xl-last\" id=\"el-3d0dd89d\"><div class=\"vce-col-inner\" data-vce-do-apply=\"border margin background  el-3d0dd89d\"><div class=\"vce-col-content\" data-vce-element-content=\"true\" data-vce-do-apply=\"padding el-3d0dd89d\"><div class=\"vce-single-image-container vce-single-image--align-left\"><div class=\"vce vce-single-image-wrapper\" id=\"el-c9a4b1e3\" data-vce-do-apply=\"all el-c9a4b1e3\" data-vce-animate=\"vce-o-animate--swing\"><figure><div class=\"vce-single-image-figure-inner\" style=\"width: 850px;\"><div class=\"vce-single-image-inner vce-single-image--absolute\" style=\"width: 100%; padding-bottom: 52.9412%;\"><img loading=\"lazy\" decoding=\"async\" class=\"vce-single-image\"  width=\"850\" height=\"450\" srcset=\"https:\/\/www.youthculturalheritage.al\/wp-content\/uploads\/2023\/11\/amfiteatri2-320x169.jpg 320w, https:\/\/www.youthculturalheritage.al\/wp-content\/uploads\/2023\/11\/amfiteatri2-480x254.jpg 480w, https:\/\/www.youthculturalheritage.al\/wp-content\/uploads\/2023\/11\/amfiteatri2-800x424.jpg 800w, https:\/\/www.youthculturalheritage.al\/wp-content\/uploads\/2024\/04\/amfiteatri2-850x450.jpg 850w\" src=\"https:\/\/www.youthculturalheritage.al\/wp-content\/uploads\/2024\/04\/amfiteatri2-850x450.jpg\" data-img-src=\"https:\/\/www.youthculturalheritage.al\/wp-content\/uploads\/2023\/11\/amfiteatri2.jpg\" data-attachment-id=\"3604\"  alt=\"\" title=\"amfiteatri2\" \/><\/div><\/div><figcaption hidden=\"\"><\/figcaption><\/figure><\/div><\/div><\/div><\/div><\/div><\/div><\/div><\/div><div class=\"vce-row-container\" data-vce-boxed-width=\"true\"><div class=\"vce-row vce-row--col-gap-30 vce-row-equal-height vce-row-content--top\" id=\"el-30fa69f1\" data-vce-do-apply=\"all el-30fa69f1\"><div class=\"vce-row-content\" data-vce-element-content=\"true\"><div class=\"vce-col vce-col--md-auto vce-col--xs-1 vce-col--xs-last vce-col--xs-first vce-col--sm-last vce-col--sm-first vce-col--md-last vce-col--lg-last vce-col--xl-last vce-col--md-first vce-col--lg-first vce-col--xl-first\" id=\"el-ffe79746\"><div class=\"vce-col-inner\" data-vce-do-apply=\"border margin background  el-ffe79746\"><div class=\"vce-col-content\" data-vce-element-content=\"true\" data-vce-do-apply=\"padding el-ffe79746\"><div class=\"vce-raw-html\"><div class=\"vce-raw-html-wrapper\" id=\"el-15e10604\" data-vce-do-apply=\"all el-15e10604\"><iframe loading=\"lazy\" width=\"100%\" height=\"640\" frameborder=\"0\" allow=\"xr-spatial-tracking; gyroscope; accelerometer\" allowfullscreen=\"\" scrolling=\"no\" src=\"https:\/\/kuula.co\/share\/collection\/7X285?logo=1&amp;info=1&amp;fs=1&amp;vr=0&amp;autop=10&amp;thumbs=1\"><\/iframe><\/div><\/div><\/div><\/div><\/div><\/div><\/div><\/div>\n","protected":false},"excerpt":{"rendered":"<p>I nd\u00ebrtuar gjat\u00eb shekullit t\u00eb dyt\u00eb t\u00eb er\u00ebs son\u00eb, Amfiteatri mbetet nj\u00eb prej nd\u00ebrtesave m\u00eb t\u00eb m\u00ebdha Romake n\u00eb rajon si edhe nj\u00eb prej mrekullive t\u00eb koh\u00ebs s\u00eb perandorit Trajan. Ky amfiteat\u00ebr ka vlera t\u00eb ve\u00e7anta arkitekturore dhe artistike dhe \u00ebsht\u00eb i vetmi i gjetur&#8230;<\/p>\n","protected":false},"author":1,"featured_media":0,"parent":0,"menu_order":0,"comment_status":"closed","ping_status":"closed","template":"","meta":{"footnotes":""},"class_list":["post-3593","page","type-page","status-publish","hentry"],"_links":{"self":[{"href":"https:\/\/www.youthculturalheritage.al\/index.php?rest_route=\/wp\/v2\/pages\/3593","targetHints":{"allow":["GET"]}}],"collection":[{"href":"https:\/\/www.youthculturalheritage.al\/index.php?rest_route=\/wp\/v2\/pages"}],"about":[{"href":"https:\/\/www.youthculturalheritage.al\/index.php?rest_route=\/wp\/v2\/types\/page"}],"author":[{"embeddable":true,"href":"https:\/\/www.youthculturalheritage.al\/index.php?rest_route=\/wp\/v2\/users\/1"}],"replies":[{"embeddable":true,"href":"https:\/\/www.youthculturalheritage.al\/index.php?rest_route=%2Fwp%2Fv2%2Fcomments&post=3593"}],"version-history":[{"count":5,"href":"https:\/\/www.youthculturalheritage.al\/index.php?rest_route=\/wp\/v2\/pages\/3593\/revisions"}],"predecessor-version":[{"id":3846,"href":"https:\/\/www.youthculturalheritage.al\/index.php?rest_route=\/wp\/v2\/pages\/3593\/revisions\/3846"}],"wp:attachment":[{"href":"https:\/\/www.youthculturalheritage.al\/index.php?rest_route=%2Fwp%2Fv2%2Fmedia&parent=3593"}],"curies":[{"name":"wp","href":"https:\/\/api.w.org\/{rel}","templated":true}]}}